{"id":30,"date":"2022-07-30T18:33:49","date_gmt":"2022-07-30T16:33:49","guid":{"rendered":"https:\/\/gmaso.no\/?page_id=30"},"modified":"2024-01-21T23:57:25","modified_gmt":"2024-01-21T22:57:25","slug":"fotball","status":"publish","type":"page","link":"https:\/\/gmaso.no\/index.php\/fotball\/","title":{"rendered":"Fotball"},"content":{"rendered":"\n<p>Kabale ligger helt s\u00f8r i Uganda, n\u00e6r grensen til Rwanda. Her bor og jobber Michael Kyarikunda. P\u00e5 fritiden, hovedsaklig etter kirketid p\u00e5 s\u00f8ndager, samlet han barn og ungdom til \u00e5 spille fotball. Med st\u00f8tte fra Gmaso kunne han starte Obumwe Soccer Academy. Videre samarbeid har resultert i oppstarten av Kigezi Kids Football league i 2022. Ligaen er finansiert gjennom \u00f8konomiske bidrag fra privatpersoner og pant. Ligaen startet opp med 7 lag. Det spilles med 7- manns lag, men hvert lag best\u00e5r av 20 barn som rullerer p\u00e5 \u00e5 spille. Totalt var 140 barn involvert i ligaen i 2022.<\/p>\n\n\n\n<p><br>I 2023 ble ligaen utvidet til 10 lag. Det betyr at totalt 200 barn er med, i tillegg til trenere, dommere, gartnere med mange flere. Helgene der fotballkampene spilles samler et stort publikum og har en positiv effekt p\u00e5 lokalsamfunnet.\u00a0<\/p>\n\n\n\n<p><br>I 2023 fikk Gmaso oppleve en del kultur- og holdningsforskjeller, som skapte en del utfordringer rundt drift av ligaen. Dette ble tatt tak i fortl\u00f8pende, og har resultert i tydelige retningslinjer og bedre forutsetninger for \u00e5 lykkes i fremtiden.<\/p>\n\n\n\n<p><br>I 2024 spilles 3. sesong av Kigezi Kids Football League. N\u00e5 har hvert lag sin personlige sponsor i Norge, der alle betaler en fast sum i \u00e5ret. De som \u00f8nsker \u00e5 bidra utover dette, samt alle andre innsamlete midler til ligaen, fordeles av Gmaso, slik at alle f\u00e5r det samme. Dette betyr at en sponsor ikke har mulighet til \u00e5 gi ekstra penger eller utstyr direkte til \u00absitt lag\u00bb, slik at det laget f\u00e5r fordeler fremfor andre lag. Slik sikrer vi for eksempel av alle spillerne har fotballsko, og ikke risikerer at et lag har sko mens motstanderne spiller barfot.<\/p>\n\n\n\n<p><br>Gmaso sponser en jenteturnering som finner sted i desember hvert \u00e5r. Organisasjonen har et godt samarbeid med Dianah Nkamusiima, en tidligere fotballspiller og p\u00e5driver for jenters rettigheter og utvikling. Dianah kommer fra sv\u00e6rt fattige k\u00e5r, og ble ekstremt takknemlig da Thor Inge og Torstein kj\u00f8pte en sykkel til henne, som takk for alt det gode arbeidet hun gj\u00f8r.&nbsp;<\/p>\n\n\n\n<p><br>Jenter i Uganda blir ofte nedprioritert med tanke p\u00e5 utdannelse, og blir ofte tvunget til \u00e5 ta seg av barn og familie fra en veldig ung alder. De fleste har heller ikke tilgang til helt n\u00f8dvendige artikler som s\u00e5pe og bind. Gjennom organisert fotball er Gmasos m\u00e5l \u00e5 hjelpe jenter til \u00e5 f\u00e5 en utdannelse, bli selvstendige og komme seg ut av fattigdom.&nbsp;<\/p>\n\n\n\n<p><br>Gmaso jobber for \u00e5 kunne starte opp en jenteliga. Kontakt oss gjerne dersom du \u00f8nsker \u00e5 v\u00e6re fremtidig sponsor for et av disse lagene.<\/p>\n\n\n\n<p><br>F\u00f8lg gjerne Gmaso p\u00e5 facebook for oppdateringer, bilder og nyheter.&nbsp;<\/p>\n\n\n\n<p><\/p>\n","protected":false},"excerpt":{"rendered":"<p>Kabale ligger helt s\u00f8r i Uganda, n\u00e6r grensen til Rwanda. Her bor og jobber Michael Kyarikunda. P\u00e5 fritiden, hovedsaklig etter kirketid p\u00e5 s\u00f8ndager, samlet han barn og ungdom til \u00e5 spille fotball. Med st\u00f8tte fra Gmaso kunne han starte Obumwe Soccer Academy. Videre samarbeid har resultert i oppstarten av Kigezi Kids Football league i 2022. [&hellip;]<\/p>\n","protected":false},"author":1,"featured_media":0,"parent":0,"menu_order":0,"comment_status":"closed","ping_status":"closed","template":"","meta":{"footnotes":""},"class_list":["post-30","page","type-page","status-publish","hentry"],"_links":{"self":[{"href":"https:\/\/gmaso.no\/index.php\/wp-json\/wp\/v2\/pages\/30","targetHints":{"allow":["GET"]}}],"collection":[{"href":"https:\/\/gmaso.no\/index.php\/wp-json\/wp\/v2\/pages"}],"about":[{"href":"https:\/\/gmaso.no\/index.php\/wp-json\/wp\/v2\/types\/page"}],"author":[{"embeddable":true,"href":"https:\/\/gmaso.no\/index.php\/wp-json\/wp\/v2\/users\/1"}],"replies":[{"embeddable":true,"href":"https:\/\/gmaso.no\/index.php\/wp-json\/wp\/v2\/comments?post=30"}],"version-history":[{"count":3,"href":"https:\/\/gmaso.no\/index.php\/wp-json\/wp\/v2\/pages\/30\/revisions"}],"predecessor-version":[{"id":125,"href":"https:\/\/gmaso.no\/index.php\/wp-json\/wp\/v2\/pages\/30\/revisions\/125"}],"wp:attachment":[{"href":"https:\/\/gmaso.no\/index.php\/wp-json\/wp\/v2\/media?parent=30"}],"curies":[{"name":"wp","href":"https:\/\/api.w.org\/{rel}","templated":true}]}}