{"id":45,"date":"2022-08-06T23:47:21","date_gmt":"2022-08-06T21:47:21","guid":{"rendered":"https:\/\/gmaso.no\/?page_id=45"},"modified":"2022-08-09T02:13:08","modified_gmt":"2022-08-09T00:13:08","slug":"velkommen-til-gmaso-no","status":"publish","type":"page","link":"https:\/\/gmaso.no\/","title":{"rendered":"Velkommen til GMASO.no!"},"content":{"rendered":"\n<figure class=\"wp-block-image aligncenter size-large\"><img decoding=\"async\" src=\"https:\/\/gmaso.no\/wp-content\/uploads\/2022\/05\/A62E479E-781E-4A77-B7A5-2CA2F4115AB6-e1659831567596-400x400.jpeg\" alt=\"GMASO logo\" class=\"wp-image-8\"\/><\/figure>\n\n\n\n<p>Gmaso ser et menneske for et menneske og jobber ut fra &laquo;hjelp til selvhjelp&raquo;- prinsippet. Ved \u00e5 gi h\u00e5p og st\u00f8tte til menneskene som er involvert i de forskjellige prosjektene, f\u00e5r de ogs\u00e5 grunnlaget for \u00e5 hjelpe andre. Gmaso er en human organisasjon, der alle mennesker er velkommen, uansett legning, religion eller personlig status.<\/p>\n\n\n\n<p><a href=\"https:\/\/gmaso.no\/index.php\/om-gmaso\/\" data-type=\"page\" data-id=\"26\">Les mer om oss her.<\/a><\/p>\n","protected":false},"excerpt":{"rendered":"<p>Gmaso ser et menneske for et menneske og jobber ut fra &laquo;hjelp til selvhjelp&raquo;- prinsippet. Ved \u00e5 gi h\u00e5p og st\u00f8tte til menneskene som er involvert i de forskjellige prosjektene, f\u00e5r de ogs\u00e5 grunnlaget for \u00e5 hjelpe andre. Gmaso er en human organisasjon, der alle mennesker er velkommen, uansett legning, religion eller personlig status. Les [&hellip;]<\/p>\n","protected":false},"author":1,"featured_media":0,"parent":0,"menu_order":0,"comment_status":"closed","ping_status":"closed","template":"","meta":{"footnotes":""},"class_list":["post-45","page","type-page","status-publish","hentry"],"_links":{"self":[{"href":"https:\/\/gmaso.no\/index.php\/wp-json\/wp\/v2\/pages\/45","targetHints":{"allow":["GET"]}}],"collection":[{"href":"https:\/\/gmaso.no\/index.php\/wp-json\/wp\/v2\/pages"}],"about":[{"href":"https:\/\/gmaso.no\/index.php\/wp-json\/wp\/v2\/types\/page"}],"author":[{"embeddable":true,"href":"https:\/\/gmaso.no\/index.php\/wp-json\/wp\/v2\/users\/1"}],"replies":[{"embeddable":true,"href":"https:\/\/gmaso.no\/index.php\/wp-json\/wp\/v2\/comments?post=45"}],"version-history":[{"count":3,"href":"https:\/\/gmaso.no\/index.php\/wp-json\/wp\/v2\/pages\/45\/revisions"}],"predecessor-version":[{"id":56,"href":"https:\/\/gmaso.no\/index.php\/wp-json\/wp\/v2\/pages\/45\/revisions\/56"}],"wp:attachment":[{"href":"https:\/\/gmaso.no\/index.php\/wp-json\/wp\/v2\/media?parent=45"}],"curies":[{"name":"wp","href":"https:\/\/api.w.org\/{rel}","templated":true}]}}